alse
Let n(r) = 244*r**2 + 19 + 18*r - 120*r**2 - 118*r**2. Is n(-6) composite?
False
Let m = 159 + -165. Let u(r) = 37*r**2 + 107*r + 7. Is u(m) a prime number?
False
Suppose 0 = 2*h - 552 - 3386. Let d = h + -782. Is d composite?
False
Let h = -165729 + 426967. Is h prime?
False
Let n be 0/(-5 + (-21)/(-3)). Suppose n = -j - 2*j + 10*j. Suppose -5*m - 3*g + 7756 = j, 4*m = -5*g + 424 + 5773. Is m a composite number?
False
Let d = 437763 + 528508. Is d a prime number?
True
Is 3/((-10)/(11017900/(-30))) a composite number?
True
Let x = -10187 - -24794. Let m = -6800 + x. Is m a composite number?
True
Let t(x) = -x**3 - 10*x**2 - 4*x - 40. Let n be t(-10). Suppose 5*j + 2*z - 22561 = n, 4*z = -2*j + 392 + 8642. Is j composite?
True
Is 48248 + -6 - 3/1 a composite number?
False
Let g(t) = 2652*t**2 + 16*t - 197. Is g(6) a prime number?
False
Let j = -67681 - -137678. Suppose 37*l - 20986 = j. Is l prime?
True
Suppose -2*q + 71234 = -3*o, q + 8*o = 11*o + 35617. Is q a composite number?
False
Suppose 22*d - o = 19*d + 535996, 2*d + 5*o - 357359 = 0. Is d composite?
True
Suppose 605 = 9*d + 569. Suppose -10*y + 3*h = -5*y - 126279, 2*h - 101032 = -d*y. Is y a composite number?
True
Let a be ((-20)/6 - 0)/((-16)/72). Suppose 0 = 26*q - a*q - 23969. Is q a prime number?
True
Let d(w) = 2*w**2. Let t be d(1). Suppose -3*r = -3*x - 18, -r - 6 = -6*r - x. Is (r/t)/(((-2)/1070)/(-1)) composite?
True
Let u = -181 - -190. Let r(s) = 198*s + 1. Is r(u) composite?
False
Let i = 27357 - -1152088. Is i prime?
False
Suppose -12 = -2*v - 2*v. Let q(m) = -m**3 + 37*m**2 - 6*m + 230. Let p be q(37). Suppose -p*u + 1045 = -v*u. Is u prime?
False
Suppose 1025 = 2*o + 5*x, -5*o + 7*o + 2*x = 1022. Let f = o - 29. Is f prime?
False
Let y(b) = -b**3 + 32*b**2 - 44*b + 69. Let o be y(29). Suppose 4*p - o = -3*u, 0 = -4*p - 2*u + 984 + 328. Is p composite?
True
Let v = 254061 + -149290. Is v composite?
True
Let b(z) = -19692*z - 401. Is b(-4) composite?
False
Is 2/(((-14191940)/(-1689475))/7 - (-24)/(-20)) composite?
False
Suppose 54*o - 58*o = 13360. Let u = o - -9077. Is u prime?
True
Suppose -3*u + 7 = 4*u. Suppose 4*c - 3*c = 5*k - 57196, -u = c. Let b = k + -5296. Is b a prime number?
True
Let p be (5 + 2 - 40)/(-1). Suppose -p*n + 128214 = -15*n. Is n a prime number?
False
Let w = 173054 + -33465. Is w composite?
False
Let b be ((-2723)/(-14))/(4/(-32)). Let q = 3513 + b. Is q prime?
False
Let b be 9 + -4 - 519 - -2. Let l = 395 - b. Is l prime?
True
Suppose -n + 37836 = c, c - 77413 = -2*n - 1746. Is n a composite number?
False
Let f(j) = 301517*j**3 + 4*j**2 - 149*j + 145. Is f(1) a prime number?
False
Suppose -17 = 4*b - 10*y + 5*y, -5*b + 2*y = 0. Suppose -6*p - b = -7*p. Is 140/8*(p - (-24)/(-20)) composite?
True
Let s(y) = 2725*y**3 + 6*y**2 - 12*y + 136. Is s(7) a composite number?
False
Suppose 4*d = d + 3936. Let c = d + -771. Is c composite?
False
Suppose 0 = 3*b + t - 313, -t - 2*t = -5*b + 531. Let j = 106 - b. Let s(i) = 444*i**3 - 4*i**2 + 5*i - 2. Is s(j) a composite number?
False
Let k(r) = -r**3 - 6*r**2 + 16*r + 8. Let t be k(-8). Suppose -11*y + t*y = 36. Let s(m) = -111*m + 29. Is s(y) a prime number?
True
Let m = 1098038 + 88397. Is m prime?
False
Let d be ((-114)/12 - -8)*(1 + -3859). Suppose 0 = 2*m - 991 - d. Is m a prime number?
True
Let v be -140*((-408)/180 - (-2)/3). Is (1347/(-6))/((-16)/v) composite?
True
Let v(d) = 43618*d + 799. Is v(9) a composite number?
False
Let y = -1100488 + 1543731. Is y prime?
True
Let d(g) = 1 - 2*g**2 + 18*g**2 + 3*g + 53*g**2 - 17*g. Let c be d(-5). Suppose c = v + 3*v. Is v composite?
False
Let n(c) = -5*c + 215. Let m be n(43). Suppose m = 9*t + 7*t - 38320. Is t a prime number?
False
Is (-8)/204 + 687859993/2397 prime?
False
Let k = 102887 + -73410. Suppose -2*z = 5*l - 12474, -5*z + k = 5*l - 1738. Is z a prime number?
True
Suppose 0 = 4*l - 3*o + 9348 - 35915, 4*l - 26577 = 5*o. Suppose -p - p = -l. Is p composite?
False
Let c(n) = 411*n**2 - n - 6. Let s be c(5). Suppose -3*l = -s + 3925. Suppose -4*h + i + l = 0, -7*h - i = -2*h - 2630. Is h composite?
True
Let p(l) = -79*l + 9. Let b be p(12). Let c = b + 1823. Suppose 0*j - 4*j + 2*z = -896, 0 = 4*j + 4*z - c. Is j a composite number?
False
Let g be (-1 + 8 - 9)/(2*1). Is g*(-18)/(-9) + 679 + 0 a prime number?
True
Let j = 23177 + -12205. Suppose -j = -4*x + 6144. Is x composite?
True
Let i(d) = -d**2 + 68*d - 50*d - 43*d - 39. Suppose w - 72 = 2*n + 2*n, 5*w = 5*n + 90. Is i(n) prime?
False
Suppose 8*k = -46 - 34. Let j(t) = -5760*t - 253. Is j(k) a prime number?
True
Let h(i) be the third derivative of 61*i**4/24 + 9*i**3/2 + 29*i**2. Is h(8) composite?
True
Let l = -293 + 721. Let d = l - -4659. Is d composite?
False
Let a(r) = 80*r**2 - 4*r - 21. Is a(-68) a composite number?
True
Let c(i) = i**2 - i + 1. Let s(f) = 19*f**2 - f + 5. Let n = -40 - -41. Let u(a) = n*c(a) + s(a). Is u(-4) a prime number?
False
Suppose -s - 3*z + 357 = 0, 4*z = -3*s - z + 1067. Suppose s*v - 361*v + 6055 = 0. Is v prime?
False
Let b(q) = -10*q**2 + 14 + 6*q + 14 + 17*q**2. Let z = -93 + 84. Is b(z) a prime number?
True
Let y(h) be the second derivative of h**4/12 - h**3 - 5*h**2 - h. Let z be y(8). Is z/4 + (8055/6)/3 a prime number?
True
Let d(l) = 40*l**2 - 5*l + 49. Let x be d(-7). Suppose -k + x = 5*u, 4*u - 793 = 3*k + 846. Is u a prime number?
True
Let c be 4358/1 + (-9)/((-24)/(-8)). Suppose -c = -9*t + 10396. Is t a prime number?
False
Let v = -28 - -24. Let y be v/(-24) - 23541/(-18). Let q = y - -329. Is q prime?
True
Let c(q) = 2*q**2 + 25*q - 21. Suppose -10 = -2*a - 40. Let d be c(a). Is -1774*(6/(-8))/(d/36) composite?
False
Suppose 184*w - 192*w + 32 = 0. Suppose -v = -w, 6*v - 3*v + 875 = o. Is o composite?
False
Let p = 167 + -165. Suppose p*l + 22034 = 2*u, -8*u + 4*l = -5*u - 33053. Is u composite?
True
Suppose -8*l = -3*l - m + 11356, -4*l - 3*m - 9081 = 0. Let f be (-6)/63 - (-243690)/63. Let i = f + l. Is i composite?
False
Let h be 5 - ((-54)/(-12))/((-6)/(-4)). Suppose 0 = -p + h*f + 3003, 3924 = 4*p + 4*f - 8148. Is p composite?
True
Let k(o) = 2*o**3 - 5*o**2 + 4*o - 2. Let p be k(2). Let f(y) = -3*y**3 + 2*y**3 + y**p - 167 + 174. Is f(-8) composite?
True
Let w(y) = 351*y**2 + 113*y + 39. Is w(-23) a composite number?
False
Suppose 0 = 4*x - 2*x + 4*q, -5 = -x + 3*q. Let t(u) = 594*u - 7. Is t(x) a composite number?
False
Suppose 84*d - 178*d = -89*d. Suppose 4*f - 4*w - 528 = 0, 2*f - 10*w + 6*w - 274 = d. Is f prime?
True
Let k be 93 + (40/8 - (7 - -1)). Is (-639700)/(-18) - (-10)/k a prime number?
False
Let x = 48134 + 23105. Is x prime?
False
Let z be 16/3*927/4. Suppose 17*k + z = 18*k. Suppose 6*n - 2*n - k = 0. Is n a composite number?
True
Suppose 0 = -35*m + 204777 + 19258. Is m prime?
False
Let n(f) = -288*f + 144*f + 617*f**2 - 41 + 145*f. Is n(-7) a composite number?
True
Suppose 372*m = 373*m. Suppose -21*x - 26322 + 90939 = m. Is x a prime number?
False
Let p(k) = -4*k + 87. Let j be (1/2)/((-44)/792). Is p(j) prime?
False
Let k be 219/(-6) - (-3)/(-2). Let t = k + 43. Suppose -t*i + 253 = -4*i. Is i composite?
True
Suppose 6*c + 28*c - 387685 = 5976537. Is c a composite number?
True
Suppose -3*k + 2*k + 4*k - 2*k = 0. Suppose -2*a + 638 = -350. Suppose k = 2*i - a - 908. Is i a composite number?
False
Let g = -3371 - -6914. Suppose 0 = -4*l, 2*o - 151 - g = l. Is o prime?
True
Suppose -4*l + 52 = 3*p, 2*l - 13 - 39 = 5*p. Let j be (l/(-20))/(6/(-1605)). Suppose -2*x - x + j = -a, -x + a + 72 = 0. Is x a composite number?
False
Let r = -130152 + 372221. Is r a prime number?
True
Let n(h) = -h**2 + 1. Let g(z) = -z**2 - 3*z + 5. Let b(q) = -g(q) + 2*n(q). Let a be b(3). Let j(f) = -4*f**3 + 5*f**2 + 6*f + 4. Is j(a) a composite number?
False
Suppose -59*v = -55*v + 24, 5*v = -5*m + 1164185. Is m prime?
False
Suppose -4*p + 2*k - 7040 = -k, -k - 3530 = 2*p. Let u = 879 + p. Let l = u - -1673. Is l a prime number?
False
Let a = 4137 + 11048. Is a a composite number?
True
Is ((-88)/3)/22*(-30)/8 - -48902 a composite number?
False
Let l(d) be the third derivative of -d**4/8 + 2*d**3 - 5*d**2. Let c be l(0). Suppose -3*g + 3 + c = 0, 0 = -4*i + 5*g + 1035. Is i a prime number?
False
Let l = 187 - 270. Let h = l - -228. Let 